u + 16. Calculate the remainder when q(u) is divided by 10.
4
Suppose -26*b = -40*b + 350. What is the remainder when 64 is divided by b?
14
Let f(s) = s**3 - 5*s**2 + 6*s + 1. Calculate the remainder when 435 is divided by f(6).
70
Let l = -32 + 49. Calculate the remainder when 4 + (564/(-42))/((-12)/84) is divided by l.
13
Suppose -4*m + 0*m = -4*r + 20, -4*r + m + 20 = 0. Let k(a) = 2 + 57*a - 6 - 55*a - 1. What is the remainder when 13 is divided by k(r)?
3
Suppose 57*l = 80*l - 184. Let h = 7 - 4. Suppose -148 = -5*f - k, -3*k - k + 99 = h*f. What is the remainder when f is divided by l?
5
Let j = 269 - 103. Calculate the remainder when j is divided by 43.
37
Let w = 25 + 3. Let t = -2182 + 2289. What is the remainder when t is divided by w?
23
Suppose 3*j = -2*c + 4*c - 3, 0 = -5*j - 15. Calculate the remainder when (-4 - c)*-82 + 2 is divided by 29.
26
Calculate the remainder when 96 is divided by (7/(-35))/((-4)/1640).
14
Suppose -68 = -4*g + 5*t + 275, 5*g + t = 436. Suppose -5*o = -223 - g. What is the remainder when o is divided by 13?
10
Suppose 21 + 24 = 3*j. Let z = 5 + 0. Suppose 4*x = -u + 108, u = -z*x + 3*x + 52. What is the remainder when x is divided by j?
13
Let z(y) = -138*y - 25. What is the remainder when z(-1) is divided by 24?
17
Suppose s = b + 8, b = s - 2*b - 18. Calculate the remainder when (60/16 + -4)/(2/(-24)) is divided by s.
0
Suppose -l + 3*w = 5, 5*l - 5*w + 2*w = 11. Suppose -l*z - z = -60. Suppose -3*h = -4*q - 3 - 5, 4*q = -2*h + z. What is the remainder when 9 is divided by h?
1
Suppose -2*p - 2*p + y = -169, 5*p - 3*y - 206 = 0. Suppose 11*r - 8*r + 5*d - 18 = 0, 2*r + 4*d - 10 = 0. Calculate the remainder when p is divided by r.
10
Let j be (((5 - 1)*1)/1)/(-1). Let y(a) = 18*a + 2. What is the remainder when y(2) is divided by j*(26/(-6) - (-2)/(-3))?
18
Suppose -23*g = 9*g - 448. What is the remainder when (3/2)/(8/144) is divided by g?
13
Suppose -4*l + 358 - 82 = 0. What is the remainder when l is divided by 6/(-12)*((-1)/1 + -47)?
21
Let b(p) = 11*p - 36. Let d be b(6). Calculate the remainder when 73 is divided by (d/(-4))/((-3)/6).
13
Let v(w) = w**3 + 26*w**2 + 22*w - 34. What is the remainder when 111 is divided by v(-25)?
29
Let y = 7 - -18. Let d(p) = -2*p - 6. Let a be d(-5). Suppose 2*s + q - 31 = 0, -3*s + 5*s - a*q - 26 = 0. What is the remainder when y is divided by s?
10
Let u(k) = 2*k + 7. Suppose -2*x - 6 = -2*j - 16, 0 = -2*x - j + 16. Suppose 0 = 3*l - 6*l + 186. What is the remainder when l is divided by u(x)?
20
Let g be ((-30)/25)/((-3)/15) + 4. Suppose -q - 57 = -4*q. Let d = q - g. Calculate the remainder when 34 is divided by d.
7
Let n be (1 - (-5)/(-3))*3. Let j(o) = -o**3 + o**2 - 2*o - 2. Suppose 9*q = 5*q + 216. Calculate the remainder when q is divided by j(n).
12
What is the remainder when 59 + 19 - (-3 + -1) is divided by 34?
14
Suppose 4*v - 4*b = 20, -2*v - 13 = -3*v - b. Calculate the remainder when 14 is divided by v.
5
Let o be 46/8 + (-1)/(-4). Calculate the remainder when (68/o)/(1/6) is divided by 18.
14
Let h(n) = 28*n - 18. Let u be h(-13). Let m = -162 - u. What is the remainder when m is divided by 37?
35
Let k(u) = -31*u + 2. Let s be k(-4). Suppose 0*n = 2*n - s. Suppose -3*g + 0*g = -n. Calculate the remainder when g is divided by 12.
9
What is the remainder when 900 is divided by (-6)/(-30)*85 - -4?
18
What is the remainder when (-5000)/(-320) + 6/16 is divided by 9?
7
Let b(y) = 3*y**2 + y - 19. Let u be b(8). Let j = -121 + u. Calculate the remainder when j is divided by 21.
18
Suppose -2*i - 5*v = -2 - 8, 0 = 4*i - 5*v - 80. Calculate the remainder when ((-17)/(-4))/((i/12)/5) is divided by 10.
7
Suppose -3*m - 6 = -0. Let u(c) = 2*c + 25. Let d be u(-9). Let s = d - m. Calculate the remainder when s is divided by 4.
1
Suppose -34*i = -700 - 694. What is the remainder when 139 is divided by i?
16
Let a(y) = y + 69. Suppose -m + 1 = 4*s + 6, -2*m + 4*s - 58 = 0. Calculate the remainder when a(m) is divided by 26.
22
Let k = 225 + -200. Calculate the remainder when 997 is divided by k.
22
Let z be (-2)/6 - (-924)/(-63). Calculate the remainder when 74 is divided by 8/4*z*(-2)/4.
14
Suppose s = 2*j - 3, 3*s - 2*s = 5. Let w = -15 - -2. Calculate the remainder when 7 is divided by (w - -9)*(-2)/j.
1
Let i(t) = t**3 - 5*t**2 + 12*t + 7. Calculate the remainder when 100 is divided by i(4).
22
Let h(c) = -2*c**2 + 40*c + 45. Suppose 5*v = -5*v + 210. Calculate the remainder when 7 is divided by h(v).
1
Let l = 217 - 102. Suppose -3*c + l = 2*c. What is the remainder when c is divided by 8?
7
Let w(t) = -t**2 - 22*t + 56. Let a be w(-24). Let r(y) = y**2 + y + 11. What is the remainder when r(0) is divided by (-3)/(-6)*5/(5/a)?
3
Suppose -4*d = -d + z - 14, 0 = d - 3*z + 12. Suppose -10 = o - d*o, -5*a = 4*o - 375. What is the remainder when a is divided by 18?
17
Let n = 0 + 40. Suppose -l = 3*l + n. What is the remainder when (-294)/l + (-4)/10 is divided by 6?
5
Suppose 0 = -7*y + 2*y + 130. Suppose 9*n - 4*n = 50. Calculate the remainder when y is divided by n.
6
Suppose -8*u + 3*u = -5*a - 45, 5*u - 61 = a. Let t(h) = -h**3 + 12*h**2 + 14*h + 2. Calculate the remainder when 73 is divided by t(u).
13
Suppose 0 = 40*w + 120 - 680. Suppose -4 = -2*v + 3*v. Calculate the remainder when 108/(-3)*6/v is divided by w.
12
Let d be (-1)/5*2 + 548/20. What is the remainder when (d/(-2) + -2)/(1/(-8)) is divided by 32?
28
Let x(a) = 2*a**3 + 3*a**2 - a - 2. Let g be x(-2). Let f(z) = 2*z + 5. Let i be f(g). What is the remainder when ((-2)/i)/(2/54) is divided by 4?
2
Suppose 0 = -z - 1 + 24. Calculate the remainder when 321 is divided by z.
22
Suppose g - 3 = 5. Let n(w) = w**3 - 9*w**2 + 9*w + 7. Let s be n(g). What is the remainder when (152/10)/(3/s) is divided by 26?
24
Let r(z) = -3*z**2 - 2*z + 9. Let o(k) = 2*k**2 + 2*k - 8. Let n(u) = -4*o(u) - 3*r(u). What is the remainder when 55 is divided by n(6)?
26
Suppose 0 = -5*w + 5*t + 50, -4*t = -4*w - 3*t + 49. Suppose -3*d + 9*u - 2*u = -21, 14 = 2*d + 5*u. Calculate the remainder when w is divided by d.
6
Let r(f) = -f**2 - 9*f - 6. Let h be r(-10). Let a = h + 31. Suppose -4*t + 29 = -a. What is the remainder when 43 is divided by t?
10
Suppose -4*b = -b - 15. Suppose -r + k + 100 = 0, -b*r + 192 + 326 = k. What is the remainder when r is divided by 35?
33
Let y(j) = j**3 - 43*j**2 - j + 74. What is the remainder when 138 is divided by y(43)?
14
Let v = -18 + 83. Suppose -v = -q - 14. Calculate the remainder when q is divided by 13.
12
Let w = -258 + 284. What is the remainder when 100 is divided by w?
22
Let s(y) = -y**2 + 21*y + 12. Calculate the remainder when s(18) is divided by 26.
14
Suppose -z = 3*r - 67, -3*z + 86 = -2*r + 6*r. Let n = r - 12. Let x(u) = 4*u**2 + 4*u + 4. What is the remainder when x(-4) is divided by n?
8
Let x = -129 + 140. What is the remainder when 119 is divided by x?
9
Let p(r) = r**3 - r + 25. Let x be p(0). Suppose -u + x = -4*n, -4*n + 46 = 3*u - 13. Suppose -27 - 6 = -3*o. What is the remainder when u is divided by o?
10
Suppose 0 = 5*s - 5*b + 8 + 2, 4*s - 3*b = -6. Suppose s = n + 4*n - 705. Calculate the remainder when n is divided by 36.
33
Let b = -71 - -110. Let y(h) = 18*h**2 + 7*h + 17. Calculate the remainder when y(-2) is divided by b.
36
Let a(t) = -309*t**3 - t**2 + t. Calculate the remainder when a(-1) is divided by 62.
59
Suppose -s + 9 = -6. Let t = 2 + 0. Calculate the remainder when (-4 - -15)*2*t is divided by s.
14
Let t = 28 + 0. Let m(y) = -y**2 + 11*y - 9. Let o(n) = -n**3 + 8*n**2 + n. Let d be o(8). Calculate the remainder when t is divided by m(d).
13
Suppose 27*l + 1039 = 6277. What is the remainder when l is divided by 64?
2
Suppose u - 7*u - 732 = 0. Let l = u + 171. Calculate the remainder when l is divided by 13.
10
Suppose -5100 = -12*m - 18*m. Calculate the remainder when m is divided by 162.
8
Let r = 184 - 11. Calculate the remainder when r is divided by 44.
41
Calculate the remainder when (-6 + 4)*-2 - (6 - 55) is divided by 22.
9
Suppose -60*t - 26*t = -61232. Calculate the remainder when t is divided by 23.
22
Let b(k) = 19*k. Suppose 70 = 120*u - 113*u. Calculate the remainder when b(1) is divided by u.
9
Let w = -45 + 77. What 